{"id":515,"date":"2019-06-10T09:25:02","date_gmt":"2019-06-10T09:25:02","guid":{"rendered":"https:\/\/djbordeauxmariage.com\/?page_id=515"},"modified":"2019-06-10T09:30:02","modified_gmt":"2019-06-10T09:30:02","slug":"partenaires","status":"publish","type":"page","link":"https:\/\/djbordeauxmariage.com\/?page_id=515","title":{"rendered":"Partenaires"},"content":{"rendered":"\n<p>Nous travaillons r\u00e9guli\u00e8rement avec des partenaires de qualit\u00e9 qui pourront accompagner votre \u00e9v\u00e9nement :&nbsp;<\/p>\n<p>&nbsp;<\/p>\n<p style=\"text-align: center;\">7 M DESIGN : cr\u00e9ations \/ gravures laser personnalis\u00e9es :<\/p>\n<p style=\"text-align: center;\"><a href=\"http:\/\/7mdesign.fr\/\"><img loading=\"lazy\" decoding=\"async\" class=\"aligncenter wp-image-199 size-full\" src=\"https:\/\/djbordeauxmariage.com\/wp-content\/uploads\/2017\/09\/logo.jpg\" alt=\"logo 7mdesign\" width=\"185\" height=\"66\"><\/a><\/p>\n<p style=\"text-align: center;\">&nbsp;<\/p>\n<p style=\"text-align: center;\">L\u2019\u00c9CRIN DU VIN : coffrets et lampes d\u00e9coratives<\/p>\n<p style=\"text-align: center;\"><a href=\"https:\/\/lecrinduvin.fr\/\"><img loading=\"lazy\" decoding=\"async\" class=\"aligncenter wp-image-516 size-full\" src=\"https:\/\/djbordeauxmariage.com\/wp-content\/uploads\/2019\/06\/logofr.png\" alt=\"\" width=\"259\" height=\"85\"><\/a><\/p>\n<p style=\"text-align: center;\">&nbsp;<\/p>\n<p style=\"text-align: center;\">TRANSPORTS BTA : votre voiture ou bus avec chauffeur&nbsp;<\/p>\n<p style=\"text-align: center;\"><a href=\"https:\/\/www.bta-transports.fr\/\"><img loading=\"lazy\" decoding=\"async\" class=\"aligncenter wp-image-234\" src=\"https:\/\/djbordeauxmariage.com\/wp-content\/uploads\/2017\/09\/bta-logo-300x295.png\" alt=\"\" width=\"204\" height=\"201\" srcset=\"https:\/\/djbordeauxmariage.com\/wp-content\/uploads\/2017\/09\/bta-logo-300x295.png 300w, https:\/\/djbordeauxmariage.com\/wp-content\/uploads\/2017\/09\/bta-logo-768x756.png 768w, https:\/\/djbordeauxmariage.com\/wp-content\/uploads\/2017\/09\/bta-logo-1024x1008.png 1024w, https:\/\/djbordeauxmariage.com\/wp-content\/uploads\/2017\/09\/bta-logo-660x649.png 660w, https:\/\/djbordeauxmariage.com\/wp-content\/uploads\/2017\/09\/bta-logo.png 1430w\" sizes=\"auto, (max-width: 204px) 100vw, 204px\" \/><\/a><\/p>\n<p style=\"text-align: center;\">&nbsp;<\/p>\n<p>&nbsp;<\/p>\n<p>&nbsp;<\/p>\n\n<div class=\"twitter-share\"><a href=\"https:\/\/twitter.com\/intent\/tweet?via=DjMariage\" class=\"twitter-share-button\" data-size=\"large\">Tweet<\/a><\/div>\n","protected":false},"excerpt":{"rendered":"<p>Nous travaillons r\u00e9guli\u00e8rement avec des partenaires de qualit\u00e9 qui pourront accompagner votre \u00e9v\u00e9nement :&nbsp; &nbsp; 7 M DESIGN : cr\u00e9ations \/ gravures laser personnalis\u00e9es : &nbsp; L\u2019\u00c9CRIN DU VIN : [&hellip;]<\/p>\n","protected":false},"author":1,"featured_media":0,"parent":0,"menu_order":0,"comment_status":"closed","ping_status":"closed","template":"","meta":{"om_disable_all_campaigns":false,"_monsterinsights_skip_tracking":false,"_monsterinsights_sitenote_active":false,"_monsterinsights_sitenote_note":"","_monsterinsights_sitenote_category":0,"_uf_show_specific_survey":0,"_uf_disable_surveys":false,"ngg_post_thumbnail":0,"footnotes":""},"class_list":["post-515","page","type-page","status-publish","hentry"],"yoast_head":"<!-- This site is optimized with the Yoast SEO plugin v27.5 - https:\/\/yoast.com\/product\/yoast-seo-wordpress\/ -->\n<title>Partenaires &#171; Pour des \u00e9v\u00e9nements sur mesure...<\/title>\n<meta name=\"robots\" content=\"index, follow, max-snippet:-1, max-image-preview:large, max-video-preview:-1\" \/>\n<link rel=\"canonical\" href=\"https:\/\/djbordeauxmariage.com\/?page_id=515\" \/>\n<meta property=\"og:locale\" content=\"fr_FR\" \/>\n<meta property=\"og:type\" content=\"article\" \/>\n<meta property=\"og:title\" content=\"Partenaires &#171; Pour des \u00e9v\u00e9nements sur mesure...\" \/>\n<meta property=\"og:description\" content=\"Nous travaillons r\u00e9guli\u00e8rement avec des partenaires de qualit\u00e9 qui pourront accompagner votre \u00e9v\u00e9nement :&nbsp; &nbsp; 7 M DESIGN : cr\u00e9ations \/ gravures laser personnalis\u00e9es : &nbsp; L\u2019\u00c9CRIN DU VIN : [&hellip;]\" \/>\n<meta property=\"og:url\" content=\"https:\/\/djbordeauxmariage.com\/?page_id=515\" \/>\n<meta property=\"og:site_name\" content=\"Pour des \u00e9v\u00e9nements sur mesure...\" \/>\n<meta property=\"article:modified_time\" content=\"2019-06-10T09:30:02+00:00\" \/>\n<meta property=\"og:image\" content=\"https:\/\/djbordeauxmariage.com\/wp-content\/uploads\/2017\/09\/logo.jpg\" \/>\n<meta name=\"twitter:card\" content=\"summary_large_image\" \/>\n<meta name=\"twitter:site\" content=\"@djmariage\" \/>\n<script type=\"application\/ld+json\" class=\"yoast-schema-graph\">{\"@context\":\"https:\\\/\\\/schema.org\",\"@graph\":[{\"@type\":\"WebPage\",\"@id\":\"https:\\\/\\\/djbordeauxmariage.com\\\/?page_id=515\",\"url\":\"https:\\\/\\\/djbordeauxmariage.com\\\/?page_id=515\",\"name\":\"Partenaires &#171; Pour des \u00e9v\u00e9nements sur mesure...\",\"isPartOf\":{\"@id\":\"https:\\\/\\\/djbordeauxmariage.com\\\/#website\"},\"primaryImageOfPage\":{\"@id\":\"https:\\\/\\\/djbordeauxmariage.com\\\/?page_id=515#primaryimage\"},\"image\":{\"@id\":\"https:\\\/\\\/djbordeauxmariage.com\\\/?page_id=515#primaryimage\"},\"thumbnailUrl\":\"https:\\\/\\\/djbordeauxmariage.com\\\/wp-content\\\/uploads\\\/2017\\\/09\\\/logo.jpg\",\"datePublished\":\"2019-06-10T09:25:02+00:00\",\"dateModified\":\"2019-06-10T09:30:02+00:00\",\"breadcrumb\":{\"@id\":\"https:\\\/\\\/djbordeauxmariage.com\\\/?page_id=515#breadcrumb\"},\"inLanguage\":\"fr-FR\",\"potentialAction\":[{\"@type\":\"ReadAction\",\"target\":[\"https:\\\/\\\/djbordeauxmariage.com\\\/?page_id=515\"]}]},{\"@type\":\"ImageObject\",\"inLanguage\":\"fr-FR\",\"@id\":\"https:\\\/\\\/djbordeauxmariage.com\\\/?page_id=515#primaryimage\",\"url\":\"https:\\\/\\\/djbordeauxmariage.com\\\/wp-content\\\/uploads\\\/2017\\\/09\\\/logo.jpg\",\"contentUrl\":\"https:\\\/\\\/djbordeauxmariage.com\\\/wp-content\\\/uploads\\\/2017\\\/09\\\/logo.jpg\",\"width\":185,\"height\":66,\"caption\":\"logo 7mdesign\"},{\"@type\":\"BreadcrumbList\",\"@id\":\"https:\\\/\\\/djbordeauxmariage.com\\\/?page_id=515#breadcrumb\",\"itemListElement\":[{\"@type\":\"ListItem\",\"position\":1,\"name\":\"Accueil\",\"item\":\"https:\\\/\\\/djbordeauxmariage.com\\\/\"},{\"@type\":\"ListItem\",\"position\":2,\"name\":\"Partenaires\"}]},{\"@type\":\"WebSite\",\"@id\":\"https:\\\/\\\/djbordeauxmariage.com\\\/#website\",\"url\":\"https:\\\/\\\/djbordeauxmariage.com\\\/\",\"name\":\"dj pour votre mariage bordeaux et sa r\u00e9gion\",\"description\":\"cr\u00e9ateur d&#039;\u00e9v\u00e9nements , DJ pour vos mariages\",\"publisher\":{\"@id\":\"https:\\\/\\\/djbordeauxmariage.com\\\/#organization\"},\"alternateName\":\"djmariagebordeaux\",\"potentialAction\":[{\"@type\":\"SearchAction\",\"target\":{\"@type\":\"EntryPoint\",\"urlTemplate\":\"https:\\\/\\\/djbordeauxmariage.com\\\/?s={search_term_string}\"},\"query-input\":{\"@type\":\"PropertyValueSpecification\",\"valueRequired\":true,\"valueName\":\"search_term_string\"}}],\"inLanguage\":\"fr-FR\"},{\"@type\":\"Organization\",\"@id\":\"https:\\\/\\\/djbordeauxmariage.com\\\/#organization\",\"name\":\"djbordeauxmariage\",\"alternateName\":\"djmariagebordeaux\",\"url\":\"https:\\\/\\\/djbordeauxmariage.com\\\/\",\"logo\":{\"@type\":\"ImageObject\",\"inLanguage\":\"fr-FR\",\"@id\":\"https:\\\/\\\/djbordeauxmariage.com\\\/#\\\/schema\\\/logo\\\/image\\\/\",\"url\":\"https:\\\/\\\/djbordeauxmariage.com\\\/wp-content\\\/uploads\\\/2017\\\/09\\\/LOGO-djbordeauxmariage.jpg\",\"contentUrl\":\"https:\\\/\\\/djbordeauxmariage.com\\\/wp-content\\\/uploads\\\/2017\\\/09\\\/LOGO-djbordeauxmariage.jpg\",\"width\":448,\"height\":152,\"caption\":\"djbordeauxmariage\"},\"image\":{\"@id\":\"https:\\\/\\\/djbordeauxmariage.com\\\/#\\\/schema\\\/logo\\\/image\\\/\"},\"sameAs\":[\"https:\\\/\\\/x.com\\\/djmariage\",\"https:\\\/\\\/www.instagram.com\\\/djbordeauxmariage?igsh=MW1xZ283NXI1OGoybw&utm_source=qr\"]}]}<\/script>\n<!-- \/ Yoast SEO plugin. -->","yoast_head_json":{"title":"Partenaires &#171; Pour des \u00e9v\u00e9nements sur mesure...","robots":{"index":"index","follow":"follow","max-snippet":"max-snippet:-1","max-image-preview":"max-image-preview:large","max-video-preview":"max-video-preview:-1"},"canonical":"https:\/\/djbordeauxmariage.com\/?page_id=515","og_locale":"fr_FR","og_type":"article","og_title":"Partenaires &#171; Pour des \u00e9v\u00e9nements sur mesure...","og_description":"Nous travaillons r\u00e9guli\u00e8rement avec des partenaires de qualit\u00e9 qui pourront accompagner votre \u00e9v\u00e9nement :&nbsp; &nbsp; 7 M DESIGN : cr\u00e9ations \/ gravures laser personnalis\u00e9es : &nbsp; L\u2019\u00c9CRIN DU VIN : [&hellip;]","og_url":"https:\/\/djbordeauxmariage.com\/?page_id=515","og_site_name":"Pour des \u00e9v\u00e9nements sur mesure...","article_modified_time":"2019-06-10T09:30:02+00:00","og_image":[{"url":"https:\/\/djbordeauxmariage.com\/wp-content\/uploads\/2017\/09\/logo.jpg","type":"","width":"","height":""}],"twitter_card":"summary_large_image","twitter_site":"@djmariage","schema":{"@context":"https:\/\/schema.org","@graph":[{"@type":"WebPage","@id":"https:\/\/djbordeauxmariage.com\/?page_id=515","url":"https:\/\/djbordeauxmariage.com\/?page_id=515","name":"Partenaires &#171; Pour des \u00e9v\u00e9nements sur mesure...","isPartOf":{"@id":"https:\/\/djbordeauxmariage.com\/#website"},"primaryImageOfPage":{"@id":"https:\/\/djbordeauxmariage.com\/?page_id=515#primaryimage"},"image":{"@id":"https:\/\/djbordeauxmariage.com\/?page_id=515#primaryimage"},"thumbnailUrl":"https:\/\/djbordeauxmariage.com\/wp-content\/uploads\/2017\/09\/logo.jpg","datePublished":"2019-06-10T09:25:02+00:00","dateModified":"2019-06-10T09:30:02+00:00","breadcrumb":{"@id":"https:\/\/djbordeauxmariage.com\/?page_id=515#breadcrumb"},"inLanguage":"fr-FR","potentialAction":[{"@type":"ReadAction","target":["https:\/\/djbordeauxmariage.com\/?page_id=515"]}]},{"@type":"ImageObject","inLanguage":"fr-FR","@id":"https:\/\/djbordeauxmariage.com\/?page_id=515#primaryimage","url":"https:\/\/djbordeauxmariage.com\/wp-content\/uploads\/2017\/09\/logo.jpg","contentUrl":"https:\/\/djbordeauxmariage.com\/wp-content\/uploads\/2017\/09\/logo.jpg","width":185,"height":66,"caption":"logo 7mdesign"},{"@type":"BreadcrumbList","@id":"https:\/\/djbordeauxmariage.com\/?page_id=515#breadcrumb","itemListElement":[{"@type":"ListItem","position":1,"name":"Accueil","item":"https:\/\/djbordeauxmariage.com\/"},{"@type":"ListItem","position":2,"name":"Partenaires"}]},{"@type":"WebSite","@id":"https:\/\/djbordeauxmariage.com\/#website","url":"https:\/\/djbordeauxmariage.com\/","name":"dj pour votre mariage bordeaux et sa r\u00e9gion","description":"cr\u00e9ateur d&#039;\u00e9v\u00e9nements , DJ pour vos mariages","publisher":{"@id":"https:\/\/djbordeauxmariage.com\/#organization"},"alternateName":"djmariagebordeaux","potentialAction":[{"@type":"SearchAction","target":{"@type":"EntryPoint","urlTemplate":"https:\/\/djbordeauxmariage.com\/?s={search_term_string}"},"query-input":{"@type":"PropertyValueSpecification","valueRequired":true,"valueName":"search_term_string"}}],"inLanguage":"fr-FR"},{"@type":"Organization","@id":"https:\/\/djbordeauxmariage.com\/#organization","name":"djbordeauxmariage","alternateName":"djmariagebordeaux","url":"https:\/\/djbordeauxmariage.com\/","logo":{"@type":"ImageObject","inLanguage":"fr-FR","@id":"https:\/\/djbordeauxmariage.com\/#\/schema\/logo\/image\/","url":"https:\/\/djbordeauxmariage.com\/wp-content\/uploads\/2017\/09\/LOGO-djbordeauxmariage.jpg","contentUrl":"https:\/\/djbordeauxmariage.com\/wp-content\/uploads\/2017\/09\/LOGO-djbordeauxmariage.jpg","width":448,"height":152,"caption":"djbordeauxmariage"},"image":{"@id":"https:\/\/djbordeauxmariage.com\/#\/schema\/logo\/image\/"},"sameAs":["https:\/\/x.com\/djmariage","https:\/\/www.instagram.com\/djbordeauxmariage?igsh=MW1xZ283NXI1OGoybw&utm_source=qr"]}]}},"_links":{"self":[{"href":"https:\/\/djbordeauxmariage.com\/index.php?rest_route=\/wp\/v2\/pages\/515","targetHints":{"allow":["GET"]}}],"collection":[{"href":"https:\/\/djbordeauxmariage.com\/index.php?rest_route=\/wp\/v2\/pages"}],"about":[{"href":"https:\/\/djbordeauxmariage.com\/index.php?rest_route=\/wp\/v2\/types\/page"}],"author":[{"embeddable":true,"href":"https:\/\/djbordeauxmariage.com\/index.php?rest_route=\/wp\/v2\/users\/1"}],"replies":[{"embeddable":true,"href":"https:\/\/djbordeauxmariage.com\/index.php?rest_route=%2Fwp%2Fv2%2Fcomments&post=515"}],"version-history":[{"count":2,"href":"https:\/\/djbordeauxmariage.com\/index.php?rest_route=\/wp\/v2\/pages\/515\/revisions"}],"predecessor-version":[{"id":519,"href":"https:\/\/djbordeauxmariage.com\/index.php?rest_route=\/wp\/v2\/pages\/515\/revisions\/519"}],"wp:attachment":[{"href":"https:\/\/djbordeauxmariage.com\/index.php?rest_route=%2Fwp%2Fv2%2Fmedia&parent=515"}],"curies":[{"name":"wp","href":"https:\/\/api.w.org\/{rel}","templated":true}]}}