{"id":250,"date":"2017-09-29T22:18:01","date_gmt":"2017-09-29T22:18:01","guid":{"rendered":"https:\/\/djbordeauxmariage.com\/?page_id=250"},"modified":"2024-02-01T14:48:18","modified_gmt":"2024-02-01T14:48:18","slug":"playlists-du-moment","status":"publish","type":"page","link":"https:\/\/djbordeauxmariage.com\/?page_id=250","title":{"rendered":"> Exemples de Playlists !"},"content":{"rendered":"<h1>&nbsp;<\/h1>\n<h2 style=\"text-align: center;\"><span style=\"color: #ff6600;\">Vous trouverez ci dessous quelques exemples de morceaux pour vos moments forts :<\/span><\/h2>\n<p>&nbsp;<\/p>\n<h2 style=\"text-align: center;\"><span style=\"color: #333399;\"><span style=\"color: #ff6600;\">Exemples de musiques Cocktail \/ Repas&nbsp;:<\/span><\/span><\/h2>\n<p style=\"text-align: center;\"><iframe loading=\"lazy\" src=\"https:\/\/open.spotify.com\/embed\/user\/spotify\/playlist\/37i9dQZF1DXardnHdSkglX\" width=\"300\" height=\"380\" frameborder=\"0\"><\/iframe> <iframe loading=\"lazy\" src=\"https:\/\/open.spotify.com\/embed\/user\/oliviercamin\/playlist\/4hhZ9l4kZcy7vo5eu5wUB2\" width=\"300\" height=\"380\" frameborder=\"0\"><\/iframe><\/p>\n<p>&nbsp;<\/p>\n<p>&nbsp;<\/p>\n<h2 style=\"text-align: center;\"><span style=\"color: #ff6600;\">Exemples de musiques Piste de Danse :<\/span><\/h2>\n<div class=\"tidal-embed\" style=\"position: relative; padding-bottom: 100%; height: 0; overflow: hidden; max-width: 100%;\"><iframe style=\"position: absolute; top: 0; left: 0; width: 100%; height: 1px; min-height: 100%; margin: 0 auto;\" src=\"https:\/\/embed.tidal.com\/playlists\/ecdf271c-68f1-4a30-8be2-0fcf4bac92a1?layout=gridify\" frameborder=\"0\" allowfullscreen=\"allowfullscreen\"><\/iframe><\/div>\n<p>&nbsp;<\/p>\n<p>&nbsp;<\/p>\n<h2 style=\"text-align: center;\"><span style=\"color: #ff6600;\">Exemples de musiques d&rsquo;entr\u00e9e des mari\u00e9s :<\/span><\/h2>\n<p><iframe loading=\"lazy\" hcb-fetch-image-from=\"https:\/\/youtu.be\/ru0K8uYEZWw\" title=\"CAN&#039;T STOP THE FEELING! (from DreamWorks Animation&#039;s &quot;TROLLS&quot;) (Official Video)\" width=\"1170\" height=\"658\" src=\"https:\/\/www.youtube.com\/embed\/ru0K8uYEZWw?feature=oembed\" frameborder=\"0\" allow=\"accelerometer; autoplay; clipboard-write; encrypted-media; gyroscope; picture-in-picture; web-share\" allowfullscreen><\/iframe><\/p>\n<p><iframe loading=\"lazy\" hcb-fetch-image-from=\"https:\/\/youtu.be\/09R8_2nJtjg?t=42\" title=\"Maroon 5 - Sugar (Official Music Video)\" width=\"1170\" height=\"658\" src=\"https:\/\/www.youtube.com\/embed\/09R8_2nJtjg?start=42&#038;feature=oembed\" frameborder=\"0\" allow=\"accelerometer; autoplay; clipboard-write; encrypted-media; gyroscope; picture-in-picture; web-share\" allowfullscreen><\/iframe><\/p>\n<p><iframe loading=\"lazy\" hcb-fetch-image-from=\"https:\/\/youtu.be\/OPf0YbXqDm0\" title=\"Mark Ronson - Uptown Funk (Official Video) ft. Bruno Mars\" width=\"1170\" height=\"658\" src=\"https:\/\/www.youtube.com\/embed\/OPf0YbXqDm0?feature=oembed\" frameborder=\"0\" allow=\"accelerometer; autoplay; clipboard-write; encrypted-media; gyroscope; picture-in-picture; web-share\" allowfullscreen><\/iframe><\/p>\n<p><iframe loading=\"lazy\" hcb-fetch-image-from=\"https:\/\/youtu.be\/IKm4yqvh4xQ?t=24\" title=\"Martin Solveig &amp; GTA   Intoxicated\" width=\"1170\" height=\"878\" src=\"https:\/\/www.youtube.com\/embed\/IKm4yqvh4xQ?start=24&#038;feature=oembed\" frameborder=\"0\" allow=\"accelerometer; autoplay; clipboard-write; encrypted-media; gyroscope; picture-in-picture; web-share\" allowfullscreen><\/iframe><\/p>\n<p><iframe loading=\"lazy\" hcb-fetch-image-from=\"https:\/\/youtu.be\/y6Sxv-sUYtM\" title=\"Pharrell Williams - Happy (Official Music Video)\" width=\"1170\" height=\"658\" src=\"https:\/\/www.youtube.com\/embed\/y6Sxv-sUYtM?feature=oembed\" frameborder=\"0\" allow=\"accelerometer; autoplay; clipboard-write; encrypted-media; gyroscope; picture-in-picture; web-share\" allowfullscreen><\/iframe><\/p>\n<p><iframe loading=\"lazy\" hcb-fetch-image-from=\"https:\/\/youtu.be\/Ykgxgmd0moM\" title=\"Bruno Mars - Marry you\" width=\"1170\" height=\"878\" src=\"https:\/\/www.youtube.com\/embed\/Ykgxgmd0moM?feature=oembed\" frameborder=\"0\" allow=\"accelerometer; autoplay; clipboard-write; encrypted-media; gyroscope; picture-in-picture; web-share\" allowfullscreen><\/iframe><\/p>\n<p><iframe loading=\"lazy\" hcb-fetch-image-from=\"https:\/\/youtu.be\/ViwtNLUqkMY\" title=\"Beyonc\u00e9 - Crazy In Love ft. JAY Z\" width=\"1170\" height=\"658\" src=\"https:\/\/www.youtube.com\/embed\/ViwtNLUqkMY?feature=oembed\" frameborder=\"0\" allow=\"accelerometer; autoplay; clipboard-write; encrypted-media; gyroscope; picture-in-picture; web-share\" allowfullscreen><\/iframe><\/p>\n<p><iframe loading=\"lazy\" hcb-fetch-image-from=\"https:\/\/youtu.be\/2zNSgSzhBfM\" title=\"MACKLEMORE &amp; RYAN LEWIS - CAN&#039;T HOLD US FEAT. RAY DALTON (OFFICIAL MUSIC VIDEO)\" width=\"1170\" height=\"658\" src=\"https:\/\/www.youtube.com\/embed\/2zNSgSzhBfM?feature=oembed\" frameborder=\"0\" allow=\"accelerometer; autoplay; clipboard-write; encrypted-media; gyroscope; picture-in-picture; web-share\" allowfullscreen><\/iframe><\/p>\n<p><iframe loading=\"lazy\" hcb-fetch-image-from=\"https:\/\/youtu.be\/uSD4vsh1zDA\" title=\"The Black Eyed Peas - I Gotta Feeling (Official Music Video)\" width=\"1170\" height=\"658\" src=\"https:\/\/www.youtube.com\/embed\/uSD4vsh1zDA?feature=oembed\" frameborder=\"0\" allow=\"accelerometer; autoplay; clipboard-write; encrypted-media; gyroscope; picture-in-picture; web-share\" allowfullscreen><\/iframe><\/p>\n<p><iframe loading=\"lazy\" hcb-fetch-image-from=\"https:\/\/www.youtube.com\/watch?v=rjb-6OaBBTk\" title=\"Mono Mind - Save Me A Place (Hugel Remix) Official Music Video\" width=\"1170\" height=\"658\" src=\"https:\/\/www.youtube.com\/embed\/rjb-6OaBBTk?feature=oembed\" frameborder=\"0\" allow=\"accelerometer; autoplay; clipboard-write; encrypted-media; gyroscope; picture-in-picture; web-share\" allowfullscreen><\/iframe><\/p>\n<p><iframe loading=\"lazy\" hcb-fetch-image-from=\"https:\/\/www.youtube.com\/watch?v=2Y6Nne8RvaA\" title=\"Kungs vs Cookin\u2019 on 3 Burners - This Girl (Official Music Video)\" width=\"1170\" height=\"658\" src=\"https:\/\/www.youtube.com\/embed\/2Y6Nne8RvaA?feature=oembed\" frameborder=\"0\" allow=\"accelerometer; autoplay; clipboard-write; encrypted-media; gyroscope; picture-in-picture; web-share\" allowfullscreen><\/iframe><\/p>\n\n\n<p>&nbsp;<\/p>\n<p>&nbsp;<\/p>\n<h2 style=\"text-align: center;\"><span style=\"color: #ff6600;\">Exemples de musiques pour l&rsquo;arriv\u00e9e de la pi\u00e8ce mont\u00e9e\/g\u00e2teau&nbsp; :<\/span><\/h2>\n<p style=\"text-align: center;\"><iframe loading=\"lazy\" src=\"\/\/www.youtube.com\/embed\/SfUC_4LmaIc\" width=\"560\" height=\"314\" allowfullscreen=\"allowfullscreen\"><\/iframe><\/p>\n<p>&nbsp;<\/p>\n<p><iframe loading=\"lazy\" hcb-fetch-image-from=\"https:\/\/youtu.be\/h61QG4s0I3U\" title=\"The Supermen Lovers (feat. Mani Hoffman) \u00b7 Starlight (Official Video)\" width=\"1170\" height=\"878\" src=\"https:\/\/www.youtube.com\/embed\/h61QG4s0I3U?feature=oembed\" frameborder=\"0\" allow=\"accelerometer; autoplay; clipboard-write; encrypted-media; gyroscope; picture-in-picture; web-share\" allowfullscreen><\/iframe><\/p>\n<p>&nbsp;<\/p>\n<p>&nbsp;<\/p>\n<p><iframe loading=\"lazy\" hcb-fetch-image-from=\"https:\/\/youtu.be\/FHNrr9pHRAw\" title=\"Big Ali ft Jean-Roch - Can you feel it\" width=\"1170\" height=\"878\" src=\"https:\/\/www.youtube.com\/embed\/FHNrr9pHRAw?feature=oembed\" frameborder=\"0\" allow=\"accelerometer; autoplay; clipboard-write; encrypted-media; gyroscope; picture-in-picture; web-share\" allowfullscreen><\/iframe><\/p>\n<p>&nbsp;<\/p>\n<p><iframe loading=\"lazy\" hcb-fetch-image-from=\"https:\/\/youtu.be\/U3Y_ozkceUw\" title=\"MUSIQUE POUR ENTR\u00c9E DU G\u00c2TEAUX MARIAGE John Miles - Music - 1976\" width=\"1170\" height=\"878\" src=\"https:\/\/www.youtube.com\/embed\/U3Y_ozkceUw?feature=oembed\" frameborder=\"0\" allow=\"accelerometer; autoplay; clipboard-write; encrypted-media; gyroscope; picture-in-picture; web-share\" allowfullscreen><\/iframe><\/p>\n<p>&nbsp;<\/p>\n<p><iframe loading=\"lazy\" hcb-fetch-image-from=\"https:\/\/youtu.be\/ViwtNLUqkMY?list=PLh0dYkNVk8B4wuAOW3q4pgYgXCv_AZBQ6\" title=\"Beyonc\u00e9 - Crazy In Love ft. JAY Z\" width=\"1170\" height=\"658\" src=\"https:\/\/www.youtube.com\/embed\/ViwtNLUqkMY?list=PLh0dYkNVk8B4wuAOW3q4pgYgXCv_AZBQ6\" frameborder=\"0\" allow=\"accelerometer; autoplay; clipboard-write; encrypted-media; gyroscope; picture-in-picture; web-share\" allowfullscreen><\/iframe><\/p>\n<p>&nbsp;<\/p>\n<p>&nbsp;<\/p>\n<p><iframe loading=\"lazy\" hcb-fetch-image-from=\"https:\/\/youtu.be\/EPo5wWmKEaI?list=PLh0dYkNVk8B4wuAOW3q4pgYgXCv_AZBQ6\" title=\"Pitbull - Give Me Everything ft. Ne-Yo, Afrojack, Nayer\" width=\"1170\" height=\"658\" src=\"https:\/\/www.youtube.com\/embed\/EPo5wWmKEaI?list=PLh0dYkNVk8B4wuAOW3q4pgYgXCv_AZBQ6\" frameborder=\"0\" allow=\"accelerometer; autoplay; clipboard-write; encrypted-media; gyroscope; picture-in-picture; web-share\" allowfullscreen><\/iframe><\/p>\n<p>&nbsp;<\/p>\n<p>&nbsp;<\/p>\n<p><iframe loading=\"lazy\" hcb-fetch-image-from=\"https:\/\/youtu.be\/y6Sxv-sUYtM?list=PL78G2MhCoFbtrLBdYWLtPqV7n8u10v4vW\" title=\"Pharrell Williams - Happy (Official Music Video)\" width=\"1170\" height=\"658\" src=\"https:\/\/www.youtube.com\/embed\/y6Sxv-sUYtM?list=PL78G2MhCoFbtrLBdYWLtPqV7n8u10v4vW\" frameborder=\"0\" allow=\"accelerometer; autoplay; clipboard-write; encrypted-media; gyroscope; picture-in-picture; web-share\" allowfullscreen><\/iframe><\/p>\n<p>&nbsp;<\/p>\n<p>&nbsp;<\/p>\n<p><iframe loading=\"lazy\" hcb-fetch-image-from=\"https:\/\/youtu.be\/AeTgx_pj6m8?list=PL78G2MhCoFbtrLBdYWLtPqV7n8u10v4vW\" title=\"Kool &amp; the Gang - Celebration\" width=\"1170\" height=\"878\" src=\"https:\/\/www.youtube.com\/embed\/AeTgx_pj6m8?list=PL78G2MhCoFbtrLBdYWLtPqV7n8u10v4vW\" frameborder=\"0\" allow=\"accelerometer; autoplay; clipboard-write; encrypted-media; gyroscope; picture-in-picture; web-share\" allowfullscreen><\/iframe><\/p>\n<p>&nbsp;<\/p>\n<p><iframe loading=\"lazy\" hcb-fetch-image-from=\"https:\/\/youtu.be\/BtwOeoeWhoo?list=PL78G2MhCoFbtrLBdYWLtPqV7n8u10v4vW\" title=\"Barry White -  My First My Last My Everything - Lyrics\" width=\"1170\" height=\"878\" src=\"https:\/\/www.youtube.com\/embed\/BtwOeoeWhoo?list=PL78G2MhCoFbtrLBdYWLtPqV7n8u10v4vW\" frameborder=\"0\" allow=\"accelerometer; autoplay; clipboard-write; encrypted-media; gyroscope; picture-in-picture; web-share\" allowfullscreen><\/iframe><\/p>\n<p>&nbsp;<\/p>\n<p><iframe loading=\"lazy\" hcb-fetch-image-from=\"https:\/\/youtu.be\/5mQVljB7JGw?list=PL78G2MhCoFbtrLBdYWLtPqV7n8u10v4vW\" title=\"Gossip - Heavy Cross (Official Video)\" width=\"1170\" height=\"658\" src=\"https:\/\/www.youtube.com\/embed\/5mQVljB7JGw?list=PL78G2MhCoFbtrLBdYWLtPqV7n8u10v4vW\" frameborder=\"0\" allow=\"accelerometer; autoplay; clipboard-write; encrypted-media; gyroscope; picture-in-picture; web-share\" allowfullscreen><\/iframe><\/p>\n<p>&nbsp;<\/p>\n<p><iframe loading=\"lazy\" hcb-fetch-image-from=\"https:\/\/youtu.be\/tg00YEETFzg?list=PL78G2MhCoFbtrLBdYWLtPqV7n8u10v4vW&amp;t=58\" title=\"Rihanna - We Found Love ft. Calvin Harris\" width=\"1170\" height=\"658\" src=\"https:\/\/www.youtube.com\/embed\/tg00YEETFzg?list=PL78G2MhCoFbtrLBdYWLtPqV7n8u10v4vW\" frameborder=\"0\" allow=\"accelerometer; autoplay; clipboard-write; encrypted-media; gyroscope; picture-in-picture; web-share\" allowfullscreen><\/iframe><\/p>\n<p>&nbsp;<\/p>\n<p>&nbsp;<\/p>\n<p>&nbsp;<\/p>\n\n<div class=\"twitter-share\"><a href=\"https:\/\/twitter.com\/intent\/tweet?via=DjMariage\" class=\"twitter-share-button\" data-size=\"large\">Tweet<\/a><\/div>\n","protected":false},"excerpt":{"rendered":"<p>&nbsp; Vous trouverez ci dessous quelques exemples de morceaux pour vos moments forts : &nbsp; Exemples de musiques Cocktail \/ Repas&nbsp;: &nbsp; &nbsp; Exemples de musiques Piste de Danse : [&hellip;]<\/p>\n","protected":false},"author":1,"featured_media":0,"parent":0,"menu_order":0,"comment_status":"closed","ping_status":"closed","template":"","meta":{"om_disable_all_campaigns":false,"_monsterinsights_skip_tracking":false,"_monsterinsights_sitenote_active":false,"_monsterinsights_sitenote_note":"","_monsterinsights_sitenote_category":0,"_uf_show_specific_survey":0,"_uf_disable_surveys":false,"ngg_post_thumbnail":0,"footnotes":""},"class_list":["post-250","page","type-page","status-publish","hentry"],"yoast_head":"<!-- This site is optimized with the Yoast SEO plugin v27.5 - https:\/\/yoast.com\/product\/yoast-seo-wordpress\/ -->\n<title>&gt; Exemples de Playlists ! &#171; Pour des \u00e9v\u00e9nements sur mesure...<\/title>\n<meta name=\"robots\" content=\"index, follow, max-snippet:-1, max-image-preview:large, max-video-preview:-1\" \/>\n<link rel=\"canonical\" href=\"https:\/\/djbordeauxmariage.com\/?page_id=250\" \/>\n<meta property=\"og:locale\" content=\"fr_FR\" \/>\n<meta property=\"og:type\" content=\"article\" \/>\n<meta property=\"og:title\" content=\"&gt; Exemples de Playlists ! &#171; Pour des \u00e9v\u00e9nements sur mesure...\" \/>\n<meta property=\"og:description\" content=\"&nbsp; Vous trouverez ci dessous quelques exemples de morceaux pour vos moments forts : &nbsp; Exemples de musiques Cocktail \/ Repas&nbsp;: &nbsp; &nbsp; Exemples de musiques Piste de Danse : [&hellip;]\" \/>\n<meta property=\"og:url\" content=\"https:\/\/djbordeauxmariage.com\/?page_id=250\" \/>\n<meta property=\"og:site_name\" content=\"Pour des \u00e9v\u00e9nements sur mesure...\" \/>\n<meta property=\"article:modified_time\" content=\"2024-02-01T14:48:18+00:00\" \/>\n<meta property=\"og:image\" content=\"https:\/\/djbordeauxmariage.com\/wp-content\/uploads\/2023\/05\/cropped-LOGO-FD-OK-djbordeauxmariage-copie.jpg\" \/>\n\t<meta property=\"og:image:width\" content=\"1024\" \/>\n\t<meta property=\"og:image:height\" content=\"347\" \/>\n\t<meta property=\"og:image:type\" content=\"image\/jpeg\" \/>\n<meta name=\"twitter:card\" content=\"summary_large_image\" \/>\n<meta name=\"twitter:site\" content=\"@djmariage\" \/>\n<meta name=\"twitter:label1\" content=\"Dur\u00e9e de lecture estim\u00e9e\" \/>\n\t<meta name=\"twitter:data1\" content=\"1 minute\" \/>\n<script type=\"application\/ld+json\" class=\"yoast-schema-graph\">{\"@context\":\"https:\\\/\\\/schema.org\",\"@graph\":[{\"@type\":\"WebPage\",\"@id\":\"https:\\\/\\\/djbordeauxmariage.com\\\/?page_id=250\",\"url\":\"https:\\\/\\\/djbordeauxmariage.com\\\/?page_id=250\",\"name\":\"> Exemples de Playlists ! &#171; Pour des \u00e9v\u00e9nements sur mesure...\",\"isPartOf\":{\"@id\":\"https:\\\/\\\/djbordeauxmariage.com\\\/#website\"},\"datePublished\":\"2017-09-29T22:18:01+00:00\",\"dateModified\":\"2024-02-01T14:48:18+00:00\",\"breadcrumb\":{\"@id\":\"https:\\\/\\\/djbordeauxmariage.com\\\/?page_id=250#breadcrumb\"},\"inLanguage\":\"fr-FR\",\"potentialAction\":[{\"@type\":\"ReadAction\",\"target\":[\"https:\\\/\\\/djbordeauxmariage.com\\\/?page_id=250\"]}]},{\"@type\":\"BreadcrumbList\",\"@id\":\"https:\\\/\\\/djbordeauxmariage.com\\\/?page_id=250#breadcrumb\",\"itemListElement\":[{\"@type\":\"ListItem\",\"position\":1,\"name\":\"Accueil\",\"item\":\"https:\\\/\\\/djbordeauxmariage.com\\\/\"},{\"@type\":\"ListItem\",\"position\":2,\"name\":\"> Exemples de Playlists !\"}]},{\"@type\":\"WebSite\",\"@id\":\"https:\\\/\\\/djbordeauxmariage.com\\\/#website\",\"url\":\"https:\\\/\\\/djbordeauxmariage.com\\\/\",\"name\":\"dj pour votre mariage bordeaux et sa r\u00e9gion\",\"description\":\"cr\u00e9ateur d&#039;\u00e9v\u00e9nements , DJ pour vos mariages\",\"publisher\":{\"@id\":\"https:\\\/\\\/djbordeauxmariage.com\\\/#organization\"},\"alternateName\":\"djmariagebordeaux\",\"potentialAction\":[{\"@type\":\"SearchAction\",\"target\":{\"@type\":\"EntryPoint\",\"urlTemplate\":\"https:\\\/\\\/djbordeauxmariage.com\\\/?s={search_term_string}\"},\"query-input\":{\"@type\":\"PropertyValueSpecification\",\"valueRequired\":true,\"valueName\":\"search_term_string\"}}],\"inLanguage\":\"fr-FR\"},{\"@type\":\"Organization\",\"@id\":\"https:\\\/\\\/djbordeauxmariage.com\\\/#organization\",\"name\":\"djbordeauxmariage\",\"alternateName\":\"djmariagebordeaux\",\"url\":\"https:\\\/\\\/djbordeauxmariage.com\\\/\",\"logo\":{\"@type\":\"ImageObject\",\"inLanguage\":\"fr-FR\",\"@id\":\"https:\\\/\\\/djbordeauxmariage.com\\\/#\\\/schema\\\/logo\\\/image\\\/\",\"url\":\"https:\\\/\\\/djbordeauxmariage.com\\\/wp-content\\\/uploads\\\/2017\\\/09\\\/LOGO-djbordeauxmariage.jpg\",\"contentUrl\":\"https:\\\/\\\/djbordeauxmariage.com\\\/wp-content\\\/uploads\\\/2017\\\/09\\\/LOGO-djbordeauxmariage.jpg\",\"width\":448,\"height\":152,\"caption\":\"djbordeauxmariage\"},\"image\":{\"@id\":\"https:\\\/\\\/djbordeauxmariage.com\\\/#\\\/schema\\\/logo\\\/image\\\/\"},\"sameAs\":[\"https:\\\/\\\/x.com\\\/djmariage\",\"https:\\\/\\\/www.instagram.com\\\/djbordeauxmariage?igsh=MW1xZ283NXI1OGoybw&utm_source=qr\"]}]}<\/script>\n<!-- \/ Yoast SEO plugin. -->","yoast_head_json":{"title":"> Exemples de Playlists ! &#171; Pour des \u00e9v\u00e9nements sur mesure...","robots":{"index":"index","follow":"follow","max-snippet":"max-snippet:-1","max-image-preview":"max-image-preview:large","max-video-preview":"max-video-preview:-1"},"canonical":"https:\/\/djbordeauxmariage.com\/?page_id=250","og_locale":"fr_FR","og_type":"article","og_title":"> Exemples de Playlists ! &#171; Pour des \u00e9v\u00e9nements sur mesure...","og_description":"&nbsp; Vous trouverez ci dessous quelques exemples de morceaux pour vos moments forts : &nbsp; Exemples de musiques Cocktail \/ Repas&nbsp;: &nbsp; &nbsp; Exemples de musiques Piste de Danse : [&hellip;]","og_url":"https:\/\/djbordeauxmariage.com\/?page_id=250","og_site_name":"Pour des \u00e9v\u00e9nements sur mesure...","article_modified_time":"2024-02-01T14:48:18+00:00","og_image":[{"width":1024,"height":347,"url":"https:\/\/djbordeauxmariage.com\/wp-content\/uploads\/2023\/05\/cropped-LOGO-FD-OK-djbordeauxmariage-copie.jpg","type":"image\/jpeg"}],"twitter_card":"summary_large_image","twitter_site":"@djmariage","twitter_misc":{"Dur\u00e9e de lecture estim\u00e9e":"1 minute"},"schema":{"@context":"https:\/\/schema.org","@graph":[{"@type":"WebPage","@id":"https:\/\/djbordeauxmariage.com\/?page_id=250","url":"https:\/\/djbordeauxmariage.com\/?page_id=250","name":"> Exemples de Playlists ! &#171; Pour des \u00e9v\u00e9nements sur mesure...","isPartOf":{"@id":"https:\/\/djbordeauxmariage.com\/#website"},"datePublished":"2017-09-29T22:18:01+00:00","dateModified":"2024-02-01T14:48:18+00:00","breadcrumb":{"@id":"https:\/\/djbordeauxmariage.com\/?page_id=250#breadcrumb"},"inLanguage":"fr-FR","potentialAction":[{"@type":"ReadAction","target":["https:\/\/djbordeauxmariage.com\/?page_id=250"]}]},{"@type":"BreadcrumbList","@id":"https:\/\/djbordeauxmariage.com\/?page_id=250#breadcrumb","itemListElement":[{"@type":"ListItem","position":1,"name":"Accueil","item":"https:\/\/djbordeauxmariage.com\/"},{"@type":"ListItem","position":2,"name":"> Exemples de Playlists !"}]},{"@type":"WebSite","@id":"https:\/\/djbordeauxmariage.com\/#website","url":"https:\/\/djbordeauxmariage.com\/","name":"dj pour votre mariage bordeaux et sa r\u00e9gion","description":"cr\u00e9ateur d&#039;\u00e9v\u00e9nements , DJ pour vos mariages","publisher":{"@id":"https:\/\/djbordeauxmariage.com\/#organization"},"alternateName":"djmariagebordeaux","potentialAction":[{"@type":"SearchAction","target":{"@type":"EntryPoint","urlTemplate":"https:\/\/djbordeauxmariage.com\/?s={search_term_string}"},"query-input":{"@type":"PropertyValueSpecification","valueRequired":true,"valueName":"search_term_string"}}],"inLanguage":"fr-FR"},{"@type":"Organization","@id":"https:\/\/djbordeauxmariage.com\/#organization","name":"djbordeauxmariage","alternateName":"djmariagebordeaux","url":"https:\/\/djbordeauxmariage.com\/","logo":{"@type":"ImageObject","inLanguage":"fr-FR","@id":"https:\/\/djbordeauxmariage.com\/#\/schema\/logo\/image\/","url":"https:\/\/djbordeauxmariage.com\/wp-content\/uploads\/2017\/09\/LOGO-djbordeauxmariage.jpg","contentUrl":"https:\/\/djbordeauxmariage.com\/wp-content\/uploads\/2017\/09\/LOGO-djbordeauxmariage.jpg","width":448,"height":152,"caption":"djbordeauxmariage"},"image":{"@id":"https:\/\/djbordeauxmariage.com\/#\/schema\/logo\/image\/"},"sameAs":["https:\/\/x.com\/djmariage","https:\/\/www.instagram.com\/djbordeauxmariage?igsh=MW1xZ283NXI1OGoybw&utm_source=qr"]}]}},"_links":{"self":[{"href":"https:\/\/djbordeauxmariage.com\/index.php?rest_route=\/wp\/v2\/pages\/250","targetHints":{"allow":["GET"]}}],"collection":[{"href":"https:\/\/djbordeauxmariage.com\/index.php?rest_route=\/wp\/v2\/pages"}],"about":[{"href":"https:\/\/djbordeauxmariage.com\/index.php?rest_route=\/wp\/v2\/types\/page"}],"author":[{"embeddable":true,"href":"https:\/\/djbordeauxmariage.com\/index.php?rest_route=\/wp\/v2\/users\/1"}],"replies":[{"embeddable":true,"href":"https:\/\/djbordeauxmariage.com\/index.php?rest_route=%2Fwp%2Fv2%2Fcomments&post=250"}],"version-history":[{"count":15,"href":"https:\/\/djbordeauxmariage.com\/index.php?rest_route=\/wp\/v2\/pages\/250\/revisions"}],"predecessor-version":[{"id":972,"href":"https:\/\/djbordeauxmariage.com\/index.php?rest_route=\/wp\/v2\/pages\/250\/revisions\/972"}],"wp:attachment":[{"href":"https:\/\/djbordeauxmariage.com\/index.php?rest_route=%2Fwp%2Fv2%2Fmedia&parent=250"}],"curies":[{"name":"wp","href":"https:\/\/api.w.org\/{rel}","templated":true}]}}