{"id":2,"date":"2015-04-10T11:42:51","date_gmt":"2015-04-10T11:42:51","guid":{"rendered":"http:\/\/djbordeauxmariage.apps-1and1.net\/?page_id=2"},"modified":"2024-01-29T09:03:02","modified_gmt":"2024-01-29T09:03:02","slug":"dj-mariage-soirees-priveesetudiantes-mariage-mariages-anniversaires","status":"publish","type":"page","link":"https:\/\/djbordeauxmariage.com\/","title":{"rendered":"Mariage -Anniversaires &#8211; Soir\u00e9es \u00e9tudiantes"},"content":{"rendered":"\n<p style=\"text-align: center;\">Djbordeauxmariage.com c&rsquo;est <span style=\"color: #0000ff;\"><strong>l&rsquo;<span style=\"color: #0000ff;\"><strong>a<\/strong>nimation musicale \u00ab\u00a0<\/span>sur mesure\u00a0\u00bb<\/strong><\/span> et passionn\u00e9e de votre soir\u00e9e dansante publique ou priv\u00e9e, s\u00e9minaire d&rsquo;entreprise et manifestation \u00e9v\u00e9nementielle en Aquitaine&#8230;<\/p>\n<p style=\"text-align: center;\">Nous animons et orchestrons avec passion les \u00e9v\u00e9nements festifs de votre vie : animations de soir\u00e9es, animation mariages, sonorisations, \u00e9clairages, animations musicales de toute sorte.<\/p>\n<p style=\"text-align: center;\"><iframe loading=\"lazy\" src=\"\/\/player.vimeo.com\/video\/296266899?title=0&amp;amp;byline=0\" width=\"600\" height=\"360\" frameborder=\"0\" allowfullscreen=\"allowfullscreen\"><\/iframe><\/p>\n<h2 style=\"text-align: center;\"><strong>Consultez les avis des pr\u00e9c\u00e9dents mariages :&nbsp;<\/strong><\/h2>\n<p>&nbsp;<\/p>\n<p style=\"text-align: center;\"><script src=\"https:\/\/cdn1.mariages.net\/js\/wp-widget.js?symfnw-FR48-1-20231220-004_www_m_\"><\/script><\/p>\n<div id=\"wp-widget-reviews\">\n<div id=\"wp-widget-preview\">Lire <a href=\"https:\/\/www.mariages.net\/musique-mariage\/dj-bordeaux-mariage--e9872\/avis\" rel=\"nofollow\">nos avis<\/a> \u00e0 &nbsp; <a href=\"https:\/\/www.mariages.net\" rel=\"nofollow\"> <img decoding=\"async\" src=\"https:\/\/cdn1.mariages.net\/assets\/img\/logos\/gen_logoHeader.svg\" height=\"20\"> <\/a><\/div>\n<\/div>\n<p><script>wpShowReviews(9872, \"black\");<\/script>&nbsp;<\/p>\n<table style=\"border-collapse: collapse; width: 100%;\">\n<tbody>\n<tr>\n<td style=\"width: 50%;\"><strong><span style=\"font-family: 'trebuchet ms', geneva, sans-serif; font-size: 14pt; color: #000000;\"><a style=\"color: #000000;\" href=\"https:\/\/djbordeauxmariage.com\/wp-content\/uploads\/2018\/10\/kq8kVt72Q2OZ6H47jYKjWQ.jpg\"><img loading=\"lazy\" decoding=\"async\" class=\"size-medium wp-image-426 aligncenter\" src=\"https:\/\/djbordeauxmariage.com\/wp-content\/uploads\/2018\/10\/kq8kVt72Q2OZ6H47jYKjWQ-300x225.jpg\" alt=\"\" width=\"300\" height=\"225\" srcset=\"https:\/\/djbordeauxmariage.com\/wp-content\/uploads\/2018\/10\/kq8kVt72Q2OZ6H47jYKjWQ-300x225.jpg 300w, https:\/\/djbordeauxmariage.com\/wp-content\/uploads\/2018\/10\/kq8kVt72Q2OZ6H47jYKjWQ-768x576.jpg 768w, https:\/\/djbordeauxmariage.com\/wp-content\/uploads\/2018\/10\/kq8kVt72Q2OZ6H47jYKjWQ-1024x768.jpg 1024w, https:\/\/djbordeauxmariage.com\/wp-content\/uploads\/2018\/10\/kq8kVt72Q2OZ6H47jYKjWQ-660x495.jpg 660w\" sizes=\"auto, (max-width: 300px) 100vw, 300px\" \/><\/a><\/span><\/strong><\/td>\n<td style=\"width: 50%;\"><strong><span style=\"font-family: 'trebuchet ms', geneva, sans-serif; font-size: 14pt;\"><a href=\"https:\/\/djbordeauxmariage.com\/wp-content\/uploads\/2015\/04\/FullSizeRender.jpg\"><img loading=\"lazy\" decoding=\"async\" class=\"aligncenter\" src=\"https:\/\/djbordeauxmariage.com\/wp-content\/uploads\/2015\/04\/FullSizeRender-225x300.jpg\" alt=\"\" width=\"140\" height=\"187\"><\/a><\/span><\/strong><\/td>\n<\/tr>\n<\/tbody>\n<\/table>\n<h2 style=\"text-align: center;\"><span style=\"color: #0000ff;\">\u00a0\u00bb Nous choisissons ensemble le d\u00e9roulement de la soir\u00e9e et les musiques(exemples de playlists : <a style=\"color: #0000ff;\" href=\"https:\/\/djbordeauxmariage.com\/?page_id=250\">ici )<\/a>.\u00a0\u00bb<\/span><strong><br><\/strong><\/h2>\n<hr>\n<p><strong><span style=\"color: #000000;\">Un<\/span><span style=\"color: #ff9900;\"> RDV de pr\u00e9paration<\/span> <span style=\"color: #000000;\">de la soir\u00e9e est syst\u00e9matiquement propos\u00e9 en pr\u00e9sentiel ou en visio afin de d\u00e9finir les moindre d\u00e9tails. <br><\/span><\/strong>Nous avons l\u2019habitude de<a href=\"https:\/\/djbordeauxmariage.com\/?page_id=63\"><span style=\"color: #ff9900;\"> travailler \u00e0 2 DJ&rsquo;s <\/span><\/a>afin de couvrir l\u2019organisation de la soir\u00e9e (pr\u00e9paration des surprises par les invit\u00e9s) et la musique.<\/p>\n<p style=\"text-align: left;\"><span style=\"font-family: 'trebuchet ms', geneva, sans-serif; font-size: 14pt;\"><a href=\"https:\/\/djbordeauxmariage.com\/wp-content\/uploads\/2015\/04\/etu3.jpg\"><img loading=\"lazy\" decoding=\"async\" class=\"alignleft\" src=\"https:\/\/djbordeauxmariage.com\/wp-content\/uploads\/2015\/04\/etu3.jpg\" alt=\"\" width=\"411\" height=\"256\"><\/a><\/span>Nous pr\u00e9parons et accompagnons avant le mariage &nbsp;les mari\u00e9s et leur proches sur le d\u00e9roulement de votre \u00e9v\u00e9nement : musique, animation, discours.<\/p>\n<p style=\"text-align: left;\">Et ce, en <span style=\"color: #0000ff;\"><span style=\"color: #ff6600;\">mode &nbsp;projet<\/span> :&nbsp;<\/span><span style=\"color: #000000;\">\u00e9ch\u00e9ances \/ mails de confirmations \/ Whatsapp avec les t\u00e9moins \/rdv de suivis , etc&#8230;<\/span><\/p>\n<p style=\"text-align: center;\"><strong><a href=\"https:\/\/djbordeauxmariage.com\/wp-content\/uploads\/2015\/04\/2415786_wedshoots.jpg\"><img loading=\"lazy\" decoding=\"async\" class=\"wp-image-145 alignnone\" src=\"https:\/\/djbordeauxmariage.com\/wp-content\/uploads\/2015\/04\/2415786_wedshoots-240x300.jpg\" alt=\"\" width=\"195\" height=\"244\" srcset=\"https:\/\/djbordeauxmariage.com\/wp-content\/uploads\/2015\/04\/2415786_wedshoots-240x300.jpg 240w, https:\/\/djbordeauxmariage.com\/wp-content\/uploads\/2015\/04\/2415786_wedshoots-768x960.jpg 768w, https:\/\/djbordeauxmariage.com\/wp-content\/uploads\/2015\/04\/2415786_wedshoots-819x1024.jpg 819w, https:\/\/djbordeauxmariage.com\/wp-content\/uploads\/2015\/04\/2415786_wedshoots-660x825.jpg 660w, https:\/\/djbordeauxmariage.com\/wp-content\/uploads\/2015\/04\/2415786_wedshoots.jpg 1638w\" sizes=\"auto, (max-width: 195px) 100vw, 195px\" \/><\/a><\/strong><\/p>\n<p style=\"text-align: center;\">Nos tarifs sont adapt\u00e9s \u00e0 votre budget et \u00e0 votre \u00e9v\u00e9nement , nous choisir c&rsquo;est la garantie d&rsquo;un \u00e9v\u00e9nement r\u00e9ussi, <span style=\"color: #ff9900;\">sans stress<\/span> !<a href=\"https:\/\/djbordeauxmariage.com\/?page_id=18\"><img loading=\"lazy\" decoding=\"async\" class=\"aligncenter\" src=\"https:\/\/djbordeauxmariage.com\/wp-content\/uploads\/2018\/01\/t\u00e9l\u00e9chargement-1.jpg\" alt=\"demande de devis\" width=\"447\" height=\"222\"><\/a><\/p>\n\n<div class=\"twitter-share\"><a href=\"https:\/\/twitter.com\/intent\/tweet?hashtags=djmariage%20bordeaux%20dj&#038;via=DjMariage\" class=\"twitter-share-button\" data-size=\"large\">Tweet<\/a><\/div>\n","protected":false},"excerpt":{"rendered":"<p>Djbordeauxmariage.com c&rsquo;est l&rsquo;animation musicale \u00ab\u00a0sur mesure\u00a0\u00bb et passionn\u00e9e de votre soir\u00e9e dansante publique ou priv\u00e9e, s\u00e9minaire d&rsquo;entreprise et manifestation \u00e9v\u00e9nementielle en Aquitaine&#8230; Nous animons et orchestrons avec passion les \u00e9v\u00e9nements [&hellip;]<\/p>\n","protected":false},"author":1,"featured_media":0,"parent":0,"menu_order":0,"comment_status":"closed","ping_status":"closed","template":"","meta":{"om_disable_all_campaigns":false,"_monsterinsights_skip_tracking":false,"_monsterinsights_sitenote_active":false,"_monsterinsights_sitenote_note":"","_monsterinsights_sitenote_category":0,"_uf_show_specific_survey":0,"_uf_disable_surveys":false,"ngg_post_thumbnail":0,"footnotes":""},"class_list":["post-2","page","type-page","status-publish","hentry"],"yoast_head":"<!-- This site is optimized with the Yoast SEO plugin v27.5 - https:\/\/yoast.com\/product\/yoast-seo-wordpress\/ -->\n<title>Mariage -Anniversaires - Soir\u00e9es \u00e9tudiantes &#171; Pour des \u00e9v\u00e9nements sur mesure...<\/title>\n<meta name=\"description\" content=\"dj mariage bordeaux avec mat\u00e9riel professionnel, discret et impliqu\u00e9. accompagnement des mari\u00e9s et suivi personnalis\u00e9 djbordeauxmariage le partenaire de votre \u00e9v\u00e9nement.\" \/>\n<meta name=\"robots\" content=\"index, follow, max-snippet:-1, max-image-preview:large, max-video-preview:-1\" \/>\n<link rel=\"canonical\" href=\"https:\/\/djbordeauxmariage.com\/\" \/>\n<meta property=\"og:locale\" content=\"fr_FR\" \/>\n<meta property=\"og:type\" content=\"article\" \/>\n<meta property=\"og:title\" content=\"djbordeauxmariage\" \/>\n<meta property=\"og:description\" content=\"dj mariage bordeaux avec mat\u00e9riel professionnel, discret et impliqu\u00e9. accompagnement des mari\u00e9s et suivi personnalis\u00e9 djbordeauxmariage le partenaire de votre \u00e9v\u00e9nement.\" \/>\n<meta property=\"og:url\" content=\"https:\/\/djbordeauxmariage.com\/\" \/>\n<meta property=\"og:site_name\" content=\"Pour des \u00e9v\u00e9nements sur mesure...\" \/>\n<meta property=\"article:modified_time\" content=\"2024-01-29T09:03:02+00:00\" \/>\n<meta property=\"og:image\" content=\"https:\/\/djbordeauxmariage.com\/wp-content\/uploads\/2023\/05\/cropped-LOGO-FD-OK-djbordeauxmariage-copie-1.jpg\" \/>\n\t<meta property=\"og:image:width\" content=\"1024\" \/>\n\t<meta property=\"og:image:height\" content=\"274\" \/>\n\t<meta property=\"og:image:type\" content=\"image\/jpeg\" \/>\n<meta name=\"twitter:card\" content=\"summary_large_image\" \/>\n<meta name=\"twitter:title\" content=\"vous cherchez un dj pour votre mariage?\" \/>\n<meta name=\"twitter:description\" content=\"djbordeauxmariage.com partenaire de vos soir\u00e9es\" \/>\n<meta name=\"twitter:image\" content=\"https:\/\/djbordeauxmariage.com\/wp-content\/uploads\/2017\/09\/LOGO-djbordeauxmariage.jpg\" \/>\n<meta name=\"twitter:site\" content=\"@djmariage\" \/>\n<meta name=\"twitter:label1\" content=\"Dur\u00e9e de lecture estim\u00e9e\" \/>\n\t<meta name=\"twitter:data1\" content=\"3 minutes\" \/>\n<script type=\"application\/ld+json\" class=\"yoast-schema-graph\">{\"@context\":\"https:\\\/\\\/schema.org\",\"@graph\":[{\"@type\":\"WebPage\",\"@id\":\"https:\\\/\\\/djbordeauxmariage.com\\\/\",\"url\":\"https:\\\/\\\/djbordeauxmariage.com\\\/\",\"name\":\"Mariage -Anniversaires - Soir\u00e9es \u00e9tudiantes &#171; Pour des \u00e9v\u00e9nements sur mesure...\",\"isPartOf\":{\"@id\":\"https:\\\/\\\/djbordeauxmariage.com\\\/#website\"},\"primaryImageOfPage\":{\"@id\":\"https:\\\/\\\/djbordeauxmariage.com\\\/#primaryimage\"},\"image\":{\"@id\":\"https:\\\/\\\/djbordeauxmariage.com\\\/#primaryimage\"},\"thumbnailUrl\":\"https:\\\/\\\/cdn1.mariages.net\\\/assets\\\/img\\\/logos\\\/gen_logoHeader.svg\",\"datePublished\":\"2015-04-10T11:42:51+00:00\",\"dateModified\":\"2024-01-29T09:03:02+00:00\",\"description\":\"dj mariage bordeaux avec mat\u00e9riel professionnel, discret et impliqu\u00e9. accompagnement des mari\u00e9s et suivi personnalis\u00e9 djbordeauxmariage le partenaire de votre \u00e9v\u00e9nement.\",\"breadcrumb\":{\"@id\":\"https:\\\/\\\/djbordeauxmariage.com\\\/#breadcrumb\"},\"inLanguage\":\"fr-FR\",\"potentialAction\":[{\"@type\":\"ReadAction\",\"target\":[\"https:\\\/\\\/djbordeauxmariage.com\\\/\"]}]},{\"@type\":\"ImageObject\",\"inLanguage\":\"fr-FR\",\"@id\":\"https:\\\/\\\/djbordeauxmariage.com\\\/#primaryimage\",\"url\":\"https:\\\/\\\/cdn1.mariages.net\\\/assets\\\/img\\\/logos\\\/gen_logoHeader.svg\",\"contentUrl\":\"https:\\\/\\\/cdn1.mariages.net\\\/assets\\\/img\\\/logos\\\/gen_logoHeader.svg\"},{\"@type\":\"BreadcrumbList\",\"@id\":\"https:\\\/\\\/djbordeauxmariage.com\\\/#breadcrumb\",\"itemListElement\":[{\"@type\":\"ListItem\",\"position\":1,\"name\":\"Accueil\",\"item\":\"https:\\\/\\\/djbordeauxmariage.com\\\/\"},{\"@type\":\"ListItem\",\"position\":2,\"name\":\"Mariage -Anniversaires &#8211; Soir\u00e9es \u00e9tudiantes\"}]},{\"@type\":\"WebSite\",\"@id\":\"https:\\\/\\\/djbordeauxmariage.com\\\/#website\",\"url\":\"https:\\\/\\\/djbordeauxmariage.com\\\/\",\"name\":\"dj pour votre mariage bordeaux et sa r\u00e9gion\",\"description\":\"cr\u00e9ateur d&#039;\u00e9v\u00e9nements , DJ pour vos mariages\",\"publisher\":{\"@id\":\"https:\\\/\\\/djbordeauxmariage.com\\\/#organization\"},\"alternateName\":\"djmariagebordeaux\",\"potentialAction\":[{\"@type\":\"SearchAction\",\"target\":{\"@type\":\"EntryPoint\",\"urlTemplate\":\"https:\\\/\\\/djbordeauxmariage.com\\\/?s={search_term_string}\"},\"query-input\":{\"@type\":\"PropertyValueSpecification\",\"valueRequired\":true,\"valueName\":\"search_term_string\"}}],\"inLanguage\":\"fr-FR\"},{\"@type\":\"Organization\",\"@id\":\"https:\\\/\\\/djbordeauxmariage.com\\\/#organization\",\"name\":\"djbordeauxmariage\",\"alternateName\":\"djmariagebordeaux\",\"url\":\"https:\\\/\\\/djbordeauxmariage.com\\\/\",\"logo\":{\"@type\":\"ImageObject\",\"inLanguage\":\"fr-FR\",\"@id\":\"https:\\\/\\\/djbordeauxmariage.com\\\/#\\\/schema\\\/logo\\\/image\\\/\",\"url\":\"https:\\\/\\\/djbordeauxmariage.com\\\/wp-content\\\/uploads\\\/2017\\\/09\\\/LOGO-djbordeauxmariage.jpg\",\"contentUrl\":\"https:\\\/\\\/djbordeauxmariage.com\\\/wp-content\\\/uploads\\\/2017\\\/09\\\/LOGO-djbordeauxmariage.jpg\",\"width\":448,\"height\":152,\"caption\":\"djbordeauxmariage\"},\"image\":{\"@id\":\"https:\\\/\\\/djbordeauxmariage.com\\\/#\\\/schema\\\/logo\\\/image\\\/\"},\"sameAs\":[\"https:\\\/\\\/x.com\\\/djmariage\",\"https:\\\/\\\/www.instagram.com\\\/djbordeauxmariage?igsh=MW1xZ283NXI1OGoybw&utm_source=qr\"]}]}<\/script>\n<!-- \/ Yoast SEO plugin. -->","yoast_head_json":{"title":"Mariage -Anniversaires - Soir\u00e9es \u00e9tudiantes &#171; Pour des \u00e9v\u00e9nements sur mesure...","description":"dj mariage bordeaux avec mat\u00e9riel professionnel, discret et impliqu\u00e9. accompagnement des mari\u00e9s et suivi personnalis\u00e9 djbordeauxmariage le partenaire de votre \u00e9v\u00e9nement.","robots":{"index":"index","follow":"follow","max-snippet":"max-snippet:-1","max-image-preview":"max-image-preview:large","max-video-preview":"max-video-preview:-1"},"canonical":"https:\/\/djbordeauxmariage.com\/","og_locale":"fr_FR","og_type":"article","og_title":"djbordeauxmariage","og_description":"dj mariage bordeaux avec mat\u00e9riel professionnel, discret et impliqu\u00e9. accompagnement des mari\u00e9s et suivi personnalis\u00e9 djbordeauxmariage le partenaire de votre \u00e9v\u00e9nement.","og_url":"https:\/\/djbordeauxmariage.com\/","og_site_name":"Pour des \u00e9v\u00e9nements sur mesure...","article_modified_time":"2024-01-29T09:03:02+00:00","og_image":[{"width":1024,"height":274,"url":"https:\/\/djbordeauxmariage.com\/wp-content\/uploads\/2023\/05\/cropped-LOGO-FD-OK-djbordeauxmariage-copie-1.jpg","type":"image\/jpeg"}],"twitter_card":"summary_large_image","twitter_title":"vous cherchez un dj pour votre mariage?","twitter_description":"djbordeauxmariage.com partenaire de vos soir\u00e9es","twitter_image":"https:\/\/djbordeauxmariage.com\/wp-content\/uploads\/2017\/09\/LOGO-djbordeauxmariage.jpg","twitter_site":"@djmariage","twitter_misc":{"Dur\u00e9e de lecture estim\u00e9e":"3 minutes"},"schema":{"@context":"https:\/\/schema.org","@graph":[{"@type":"WebPage","@id":"https:\/\/djbordeauxmariage.com\/","url":"https:\/\/djbordeauxmariage.com\/","name":"Mariage -Anniversaires - Soir\u00e9es \u00e9tudiantes &#171; Pour des \u00e9v\u00e9nements sur mesure...","isPartOf":{"@id":"https:\/\/djbordeauxmariage.com\/#website"},"primaryImageOfPage":{"@id":"https:\/\/djbordeauxmariage.com\/#primaryimage"},"image":{"@id":"https:\/\/djbordeauxmariage.com\/#primaryimage"},"thumbnailUrl":"https:\/\/cdn1.mariages.net\/assets\/img\/logos\/gen_logoHeader.svg","datePublished":"2015-04-10T11:42:51+00:00","dateModified":"2024-01-29T09:03:02+00:00","description":"dj mariage bordeaux avec mat\u00e9riel professionnel, discret et impliqu\u00e9. accompagnement des mari\u00e9s et suivi personnalis\u00e9 djbordeauxmariage le partenaire de votre \u00e9v\u00e9nement.","breadcrumb":{"@id":"https:\/\/djbordeauxmariage.com\/#breadcrumb"},"inLanguage":"fr-FR","potentialAction":[{"@type":"ReadAction","target":["https:\/\/djbordeauxmariage.com\/"]}]},{"@type":"ImageObject","inLanguage":"fr-FR","@id":"https:\/\/djbordeauxmariage.com\/#primaryimage","url":"https:\/\/cdn1.mariages.net\/assets\/img\/logos\/gen_logoHeader.svg","contentUrl":"https:\/\/cdn1.mariages.net\/assets\/img\/logos\/gen_logoHeader.svg"},{"@type":"BreadcrumbList","@id":"https:\/\/djbordeauxmariage.com\/#breadcrumb","itemListElement":[{"@type":"ListItem","position":1,"name":"Accueil","item":"https:\/\/djbordeauxmariage.com\/"},{"@type":"ListItem","position":2,"name":"Mariage -Anniversaires &#8211; Soir\u00e9es \u00e9tudiantes"}]},{"@type":"WebSite","@id":"https:\/\/djbordeauxmariage.com\/#website","url":"https:\/\/djbordeauxmariage.com\/","name":"dj pour votre mariage bordeaux et sa r\u00e9gion","description":"cr\u00e9ateur d&#039;\u00e9v\u00e9nements , DJ pour vos mariages","publisher":{"@id":"https:\/\/djbordeauxmariage.com\/#organization"},"alternateName":"djmariagebordeaux","potentialAction":[{"@type":"SearchAction","target":{"@type":"EntryPoint","urlTemplate":"https:\/\/djbordeauxmariage.com\/?s={search_term_string}"},"query-input":{"@type":"PropertyValueSpecification","valueRequired":true,"valueName":"search_term_string"}}],"inLanguage":"fr-FR"},{"@type":"Organization","@id":"https:\/\/djbordeauxmariage.com\/#organization","name":"djbordeauxmariage","alternateName":"djmariagebordeaux","url":"https:\/\/djbordeauxmariage.com\/","logo":{"@type":"ImageObject","inLanguage":"fr-FR","@id":"https:\/\/djbordeauxmariage.com\/#\/schema\/logo\/image\/","url":"https:\/\/djbordeauxmariage.com\/wp-content\/uploads\/2017\/09\/LOGO-djbordeauxmariage.jpg","contentUrl":"https:\/\/djbordeauxmariage.com\/wp-content\/uploads\/2017\/09\/LOGO-djbordeauxmariage.jpg","width":448,"height":152,"caption":"djbordeauxmariage"},"image":{"@id":"https:\/\/djbordeauxmariage.com\/#\/schema\/logo\/image\/"},"sameAs":["https:\/\/x.com\/djmariage","https:\/\/www.instagram.com\/djbordeauxmariage?igsh=MW1xZ283NXI1OGoybw&utm_source=qr"]}]}},"_links":{"self":[{"href":"https:\/\/djbordeauxmariage.com\/index.php?rest_route=\/wp\/v2\/pages\/2","targetHints":{"allow":["GET"]}}],"collection":[{"href":"https:\/\/djbordeauxmariage.com\/index.php?rest_route=\/wp\/v2\/pages"}],"about":[{"href":"https:\/\/djbordeauxmariage.com\/index.php?rest_route=\/wp\/v2\/types\/page"}],"author":[{"embeddable":true,"href":"https:\/\/djbordeauxmariage.com\/index.php?rest_route=\/wp\/v2\/users\/1"}],"replies":[{"embeddable":true,"href":"https:\/\/djbordeauxmariage.com\/index.php?rest_route=%2Fwp%2Fv2%2Fcomments&post=2"}],"version-history":[{"count":96,"href":"https:\/\/djbordeauxmariage.com\/index.php?rest_route=\/wp\/v2\/pages\/2\/revisions"}],"predecessor-version":[{"id":899,"href":"https:\/\/djbordeauxmariage.com\/index.php?rest_route=\/wp\/v2\/pages\/2\/revisions\/899"}],"wp:attachment":[{"href":"https:\/\/djbordeauxmariage.com\/index.php?rest_route=%2Fwp%2Fv2%2Fmedia&parent=2"}],"curies":[{"name":"wp","href":"https:\/\/api.w.org\/{rel}","templated":true}]}}